5 is divided by 7.
5
Calculate the remainder when 1642 is divided by 53.
52
What is the remainder when 152 is divided by 64?
24
What is the remainder when 49 is divided by 28?
21
What is the remainder when 4091 is divided by 105?
101
Calculate the remainder when 1281 is divided by 320.
1
What is the remainder when 93 is divided by 32?
29
Calculate the remainder when 1588 is divided by 170.
58
Calculate the remainder when 910 is divided by 16.
14
Calculate the remainder when 268 is divided by 73.
49
What is the remainder when 237 is divided by 40?
37
What is the remainder when 195 is divided by 8?
3
Calculate the remainder when 296 is divided by 20.
16
Calculate the remainder when 76 is divided by 40.
36
Calculate the remainder when 3824 is divided by 87.
83
What is the remainder when 864 is divided by 50?
14
Calculate the remainder when 266 is divided by 10.
6
Calculate the remainder when 328 is divided by 66.
64
What is the remainder when 412 is divided by 84?
76
What is the remainder when 1421 is divided by 118?
5
Calculate the remainder when 5450 is divided by 3.
2
What is the remainder when 1782 is divided by 112?
102
What is the remainder when 26324 is divided by 9?
8
Calculate the remainder when 77 is divided by 14.
7
Calculate the remainder when 1214 is divided by 15.
14
What is the remainder when 232 is divided by 14?
8
What is the remainder when 1099 is divided by 138?
133
Calculate the remainder when 531 is divided by 112.
83
Calculate the remainder when 477 is divided by 24.
21
What is the remainder when 1757 is divided by 32?
29
Calculate the remainder when 4095 is divided by 256.
255
What is the remainder when 4221 is divided by 88?
85
Calculate the remainder when 11 is divided by 2.
1
Calculate the remainder when 185 is divided by 60.
5
Calculate the remainder when 89 is divided by 72.
17
What is the remainder when 9299 is divided by 12?
11
Calculate the remainder when 68 is divided by 23.
22
What is the remainder when 537 is divided by 45?
42
What is the remainder when 705 is divided by 46?
15
What is the remainder when 257 is divided by 30?
17
Calculate the remainder when 44 is divided by 9.
8
What is the remainder when 1733 is divided by 22?
17
What is the remainder when 2588 is divided by 26?
14
What is the remainder when 1130 is divided by 41?
23
What is the remainder when 84 is divided by 8?
4
What is the remainder when 28 is divided by 17?
11
Calculate the remainder when 74 is divided by 50.
24
Calculate the remainder when 13 is divided by 1.
0
Calculate the remainder when 3502 is divided by 30.
22
What is the remainder when 12840 is divided by 38?
34
What is the remainder when 58 is divided by 25?
8
Calculate the remainder when 170 is divided by 26.
14
Calculate the remainder when 681 is divided by 31.
30
Calculate the remainder when 283 is divided by 6.
1
What is the remainder when 20 is divided by 16?
4
Calculate the remainder when 438 is divided by 18.
6
Calculate the remainder when 519 is divided by 28.
15
Calculate the remainder when 196 is divided by 50.
46
What is the remainder when 2050 is divided by 256?
2
What is the remainder when 87 is divided by 19?
11
Calculate the remainder when 135 is divided by 116.
19
Calculate the remainder when 67 is divided by 18.
13
What is the remainder when 780 is divided by 27?
24
What is the remainder when 123 is divided by 32?
27
What is the remainder when 2674 is divided by 62?
8
What is the remainder when 250 is divided by 23?
20
Calculate the remainder when 61 is divided by 48.
13
Calculate the remainder when 3499 is divided by 20.
19
What is the remainder when 92 is divided by 32?
28
Calculate the remainder when 6479 is divided by 45.
44
Calculate the remainder when 18718 is divided by 26.
24
What is the remainder when 38 is divided by 22?
16
What is the remainder when 114 is divided by 24?
18
Calculate the remainder when 435 is divided by 206.
23
Calculate the remainder when 311 is divided by 110.
91
Calculate the remainder when 204 is divided by 53.
45
What is the remainder when 1080 is divided by 31?
26
What is the remainder when 373 is divided by 8?
5
What is the remainder when 1378 is divided by 39?
13
What is the remainder when 477 is divided by 24?
21
What is the remainder when 19777 is divided by 131?
127
What is the remainder when 97 is divided by 13?
6
Calculate the remainder when 7173 is divided by 5.
3
What is the remainder when 53 is divided by 40?
13
What is the remainder when 61 is divided by 34?
27
Calculate the remainder when 259 is divided by 240.
19
Calculate the remainder when 516 is divided by 104.
100
Calculate the remainder when 263 is divided by 141.
122
What is the remainder when 521 is divided by 29?
28
Calculate the remainder when 40960 is divided by 13.
10
What is the remainder when 1330 is divided by 20?
10
What is the remainder when 74 is divided by 25?
24
Calculate the remainder when 418 is divided by 106.
100
What is the remainder when 903 is divided by 225?
3
What is the remainder when 68 is divided by 24?
20
Calculate the remainder when 481 is divided by 69.
67
Calculate the remainder when 1899 is divided by 16.
11
What is the remainder when 126 is divided by 40?
6
Calculate the remainder when 5158 is divided by 172.
170
What is the remainder when 947 is divided by 69?
50
Calculate the remainder when 57 is divided by 21.
15
Calculate the remainder when 26532 is divided by 223.
218
What is the remainder when 293 is divided by 50?
43
Calculate the remainder when 947 is divided by 68.
63
Calculate the remainder when 251 is divided by 60.
11
Calculate the remainder when 32 is divided by 3.
2
What is the remainder when 767 is divided by 203?
158
What is the remainder when 775 is divided by 96?
7
What is the remainder when 674 is divided by 9?
8
What is the remainder when 1097 is divided by 10?
7
What is the remainder when 5044 is divided by 1673?
25
Calculate the remainder when 1582 is divided by 11.
9
What is the remainder when 154 is divided by 37?
6
Calculate the remainder when 372 is divided by 13.
8
Calculate the remainder when 1934 is divided by 215.
214
What is the remainder when 478 is divided by 253?
225
What is the remainder when 508 is divided by 251?
6
What is the remainder when 2807 is divided by 54?
53
What is the remainder when 171 is divided by 24?
3
What is the remainder when 31 is divided by 9?
4
Calculate the remainder when 3023 is divided by 8.
7
What is the remainder when 230 is divided by 78?
74
Calculate the remainder when 114 is divided by 39.
36
What is the remainder when 2804 is divided by 55?
54
What is the remainder when 1065 is divided by 19?
1
What is the remainder when 3071 is divided by 139?
13
What is the remainder when 18838 is divided by 6277?
7
What is the remainder when 24197 is divided by 111?
110
Calculate the remainder when 824 is divided by 28.
12
Calculate the remainder when 1868 is divided by 24.
20
Calculate the remainder when 374 is divided by 47.
45
What is the remainder when 1460 is divided by 163?
156
Calculate the remainder when 16037 is divided by 6.
5
Calculate the remainder when 244 is divided by 35.
34
Calculate the remainder when 3389 is divided by 16.
13
Calculate the remainder when 55 is divided by 29.
26
Calculate the remainder when 371 is divided by 62.
61
Calculate the remainder when 1267 is divided by 155.
27
What is the remainder when 2228 is divided by 88?
28
Calculate the remainder when 538 is divided by 100.
38
What is the remainder when 673 is divided by 140?
113
What is the remainder when 713 is divided by 123?
98
Calculate the remainder when 286 is divided by 32.
30
Calculate the remainder when 1321 is divided by 102.
97
Calculate the remainder when 161 is divided by 30.
11
What is the remainder when 171 is divided by 48?
27
What is the remainder when 97 is divided by 36?
25
Calculate the remainder when 643 is divided by 38.
35
Calculate the remainder when 897 is divided by 181.
173
Calculate the remainder when 1463 is divided by 142.
43
What is the remainder when 115 is divided by 30?
25
What is the remainder when 49 is divided by 20?
9
What is the remainder when 54 is divided by 23?
8
What is the remainder when 42 is divided by 16?
10
Calculate the remainder when 33757 is d